
{"id":1841,"date":"2023-09-01T09:58:48","date_gmt":"2023-09-01T14:58:48","guid":{"rendered":"https:\/\/centroeditorial.uniminuto.edu\/?page_id=1841"},"modified":"2023-09-07T20:37:32","modified_gmt":"2023-09-08T01:37:32","slug":"repositorio","status":"publish","type":"page","link":"https:\/\/centroeditorial.uniminuto.edu\/index.php\/repositorio\/","title":{"rendered":"Repositorio"},"content":{"rendered":"\t\t<div data-elementor-type=\"wp-page\" data-elementor-id=\"1841\" class=\"elementor elementor-1841\">\n\t\t\t\t\t\t<section class=\"elementor-section elementor-top-section elementor-element elementor-element-07272bc elementor-section-boxed elementor-section-height-default elementor-section-height-default\" data-id=\"07272bc\" data-element_type=\"section\" data-e-type=\"section\" data-settings=\"{&quot;background_background&quot;:&quot;gradient&quot;}\">\n\t\t\t\t\t\t<div class=\"elementor-container elementor-column-gap-default\">\n\t\t\t\t\t<div class=\"elementor-column elementor-col-100 elementor-top-column elementor-element elementor-element-dba5184\" data-id=\"dba5184\" data-element_type=\"column\" data-e-type=\"column\">\n\t\t\t<div class=\"elementor-widget-wrap elementor-element-populated\">\n\t\t\t\t\t\t<div class=\"elementor-element elementor-element-3bb1e7c elementor-widget elementor-widget-text-editor\" data-id=\"3bb1e7c\" data-element_type=\"widget\" data-e-type=\"widget\" data-widget_type=\"text-editor.default\">\n\t\t\t\t<div class=\"elementor-widget-container\">\n\t\t\t\t\t\t\t\t\tEl repositorio institucional es un servicio de acceso libre dise\u00f1ado para la preservaci\u00f3n y divulgaci\u00f3n de la producci\u00f3n cient\u00edfica y acad\u00e9mica de la instituci\u00f3n. All\u00ed puede encontrar art\u00edculos cient\u00edficos, libros, revistas editadas por la instituci\u00f3n, trabajos de grado, informes t\u00e9cnicos, material de apoyo acad\u00e9mico, investigativo y cultural.\t\t\t\t\t\t\t\t<\/div>\n\t\t\t\t<\/div>\n\t\t\t\t\t<\/div>\n\t\t<\/div>\n\t\t\t\t\t<\/div>\n\t\t<\/section>\n\t\t\t\t<section class=\"elementor-section elementor-top-section elementor-element elementor-element-9f2f4c6 elementor-section-boxed elementor-section-height-default elementor-section-height-default\" data-id=\"9f2f4c6\" data-element_type=\"section\" data-e-type=\"section\">\n\t\t\t\t\t\t<div class=\"elementor-container elementor-column-gap-extended\">\n\t\t\t\t\t<div class=\"elementor-column elementor-col-16 elementor-top-column elementor-element elementor-element-93ac347\" data-id=\"93ac347\" data-element_type=\"column\" data-e-type=\"column\">\n\t\t\t<div class=\"elementor-widget-wrap elementor-element-populated\">\n\t\t\t\t\t\t<div class=\"elementor-element elementor-element-e19f6aa elementor-widget elementor-widget-image\" data-id=\"e19f6aa\" data-element_type=\"widget\" data-e-type=\"widget\" data-settings=\"{&quot;_animation&quot;:&quot;none&quot;}\" data-widget_type=\"image.default\">\n\t\t\t\t<div class=\"elementor-widget-container\">\n\t\t\t\t\t\t\t\t\t\t\t\t\t\t\t\t<a href=\"https:\/\/repository.uniminuto.edu\/handle\/10656\/6771\">\n\t\t\t\t\t\t\t<img fetchpriority=\"high\" decoding=\"async\" width=\"233\" height=\"300\" src=\"https:\/\/centroeditorial.uniminuto.edu\/wp-content\/uploads\/2023\/09\/pensamiento-233x300.png\" class=\"attachment-medium size-medium wp-image-1968\" alt=\"\" srcset=\"https:\/\/centroeditorial.uniminuto.edu\/wp-content\/uploads\/2023\/09\/pensamiento-233x300.png 233w, https:\/\/centroeditorial.uniminuto.edu\/wp-content\/uploads\/2023\/09\/pensamiento.png 618w\" sizes=\"(max-width: 233px) 100vw, 233px\" style=\"width:100%;height:128.64%;max-width:618px\" \/>\t\t\t\t\t\t\t\t<\/a>\n\t\t\t\t\t\t\t\t\t\t\t\t\t\t\t<\/div>\n\t\t\t\t<\/div>\n\t\t\t\t\t<\/div>\n\t\t<\/div>\n\t\t\t\t<div class=\"elementor-column elementor-col-16 elementor-top-column elementor-element elementor-element-041b55a\" data-id=\"041b55a\" data-element_type=\"column\" data-e-type=\"column\">\n\t\t\t<div class=\"elementor-widget-wrap elementor-element-populated\">\n\t\t\t\t\t\t<div class=\"elementor-element elementor-element-1a41dce elementor-widget elementor-widget-image\" data-id=\"1a41dce\" data-element_type=\"widget\" data-e-type=\"widget\" data-settings=\"{&quot;_animation&quot;:&quot;none&quot;,&quot;_animation_delay&quot;:100}\" data-widget_type=\"image.default\">\n\t\t\t\t<div class=\"elementor-widget-container\">\n\t\t\t\t\t\t\t\t\t\t\t\t\t\t\t\t<a href=\"https:\/\/repository.uniminuto.edu\/handle\/10656\/9935\">\n\t\t\t\t\t\t\t<img decoding=\"async\" width=\"233\" height=\"300\" src=\"https:\/\/centroeditorial.uniminuto.edu\/wp-content\/uploads\/2023\/09\/boletines-233x300.png\" class=\"attachment-medium size-medium wp-image-1964\" alt=\"\" srcset=\"https:\/\/centroeditorial.uniminuto.edu\/wp-content\/uploads\/2023\/09\/boletines-233x300.png 233w, https:\/\/centroeditorial.uniminuto.edu\/wp-content\/uploads\/2023\/09\/boletines.png 618w\" sizes=\"(max-width: 233px) 100vw, 233px\" style=\"width:100%;height:128.64%;max-width:618px\" \/>\t\t\t\t\t\t\t\t<\/a>\n\t\t\t\t\t\t\t\t\t\t\t\t\t\t\t<\/div>\n\t\t\t\t<\/div>\n\t\t\t\t\t<\/div>\n\t\t<\/div>\n\t\t\t\t<div class=\"elementor-column elementor-col-16 elementor-top-column elementor-element elementor-element-fcf4683\" data-id=\"fcf4683\" data-element_type=\"column\" data-e-type=\"column\">\n\t\t\t<div class=\"elementor-widget-wrap elementor-element-populated\">\n\t\t\t\t\t\t<div class=\"elementor-element elementor-element-22fec37 elementor-widget elementor-widget-image\" data-id=\"22fec37\" data-element_type=\"widget\" data-e-type=\"widget\" data-widget_type=\"image.default\">\n\t\t\t\t<div class=\"elementor-widget-container\">\n\t\t\t\t\t\t\t\t\t\t\t\t\t\t\t\t<a href=\"https:\/\/repository.uniminuto.edu\/handle\/10656\/6307\">\n\t\t\t\t\t\t\t<img decoding=\"async\" width=\"233\" height=\"300\" src=\"https:\/\/centroeditorial.uniminuto.edu\/wp-content\/uploads\/2023\/09\/memorias-233x300.png\" class=\"attachment-medium size-medium wp-image-1967\" alt=\"\" srcset=\"https:\/\/centroeditorial.uniminuto.edu\/wp-content\/uploads\/2023\/09\/memorias-233x300.png 233w, https:\/\/centroeditorial.uniminuto.edu\/wp-content\/uploads\/2023\/09\/memorias.png 618w\" sizes=\"(max-width: 233px) 100vw, 233px\" style=\"width:100%;height:128.64%;max-width:618px\" \/>\t\t\t\t\t\t\t\t<\/a>\n\t\t\t\t\t\t\t\t\t\t\t\t\t\t\t<\/div>\n\t\t\t\t<\/div>\n\t\t\t\t\t<\/div>\n\t\t<\/div>\n\t\t\t\t<div class=\"elementor-column elementor-col-16 elementor-top-column elementor-element elementor-element-956218a\" data-id=\"956218a\" data-element_type=\"column\" data-e-type=\"column\">\n\t\t\t<div class=\"elementor-widget-wrap elementor-element-populated\">\n\t\t\t\t\t\t<div class=\"elementor-element elementor-element-7eaf126 elementor-widget elementor-widget-image\" data-id=\"7eaf126\" data-element_type=\"widget\" data-e-type=\"widget\" data-widget_type=\"image.default\">\n\t\t\t\t<div class=\"elementor-widget-container\">\n\t\t\t\t\t\t\t\t\t\t\t\t\t\t\t\t<a href=\"https:\/\/repository.uniminuto.edu\/handle\/10656\/7365\">\n\t\t\t\t\t\t\t<img loading=\"lazy\" decoding=\"async\" width=\"233\" height=\"300\" src=\"https:\/\/centroeditorial.uniminuto.edu\/wp-content\/uploads\/2023\/09\/documentos-233x300.png\" class=\"attachment-medium size-medium wp-image-1966\" alt=\"\" srcset=\"https:\/\/centroeditorial.uniminuto.edu\/wp-content\/uploads\/2023\/09\/documentos-233x300.png 233w, https:\/\/centroeditorial.uniminuto.edu\/wp-content\/uploads\/2023\/09\/documentos.png 618w\" sizes=\"(max-width: 233px) 100vw, 233px\" style=\"width:100%;height:128.64%;max-width:618px\" \/>\t\t\t\t\t\t\t\t<\/a>\n\t\t\t\t\t\t\t\t\t\t\t\t\t\t\t<\/div>\n\t\t\t\t<\/div>\n\t\t\t\t\t<\/div>\n\t\t<\/div>\n\t\t\t\t<div class=\"elementor-column elementor-col-16 elementor-top-column elementor-element elementor-element-718973c\" data-id=\"718973c\" data-element_type=\"column\" data-e-type=\"column\">\n\t\t\t<div class=\"elementor-widget-wrap elementor-element-populated\">\n\t\t\t\t\t\t<div class=\"elementor-element elementor-element-7074180 elementor-widget elementor-widget-image\" data-id=\"7074180\" data-element_type=\"widget\" data-e-type=\"widget\" data-widget_type=\"image.default\">\n\t\t\t\t<div class=\"elementor-widget-container\">\n\t\t\t\t\t\t\t\t\t\t\t\t\t\t\t\t<a href=\"https:\/\/repository.uniminuto.edu\/handle\/10656\/6155\">\n\t\t\t\t\t\t\t<img loading=\"lazy\" decoding=\"async\" width=\"233\" height=\"300\" src=\"https:\/\/centroeditorial.uniminuto.edu\/wp-content\/uploads\/2023\/09\/arte-233x300.png\" class=\"attachment-medium size-medium wp-image-1963\" alt=\"\" srcset=\"https:\/\/centroeditorial.uniminuto.edu\/wp-content\/uploads\/2023\/09\/arte-233x300.png 233w, https:\/\/centroeditorial.uniminuto.edu\/wp-content\/uploads\/2023\/09\/arte.png 618w\" sizes=\"(max-width: 233px) 100vw, 233px\" style=\"width:100%;height:128.64%;max-width:618px\" \/>\t\t\t\t\t\t\t\t<\/a>\n\t\t\t\t\t\t\t\t\t\t\t\t\t\t\t<\/div>\n\t\t\t\t<\/div>\n\t\t\t\t\t<\/div>\n\t\t<\/div>\n\t\t\t\t<div class=\"elementor-column elementor-col-16 elementor-top-column elementor-element elementor-element-5a3db24\" data-id=\"5a3db24\" data-element_type=\"column\" data-e-type=\"column\">\n\t\t\t<div class=\"elementor-widget-wrap elementor-element-populated\">\n\t\t\t\t\t\t<div class=\"elementor-element elementor-element-51fccc4 elementor-widget elementor-widget-image\" data-id=\"51fccc4\" data-element_type=\"widget\" data-e-type=\"widget\" data-widget_type=\"image.default\">\n\t\t\t\t<div class=\"elementor-widget-container\">\n\t\t\t\t\t\t\t\t\t\t\t\t\t\t\t\t<a href=\"https:\/\/repository.uniminuto.edu\/handle\/10656\/6163\">\n\t\t\t\t\t\t\t<img loading=\"lazy\" decoding=\"async\" width=\"233\" height=\"300\" src=\"https:\/\/centroeditorial.uniminuto.edu\/wp-content\/uploads\/2023\/09\/docsInstitucionales-233x300.png\" class=\"attachment-medium size-medium wp-image-1965\" alt=\"\" srcset=\"https:\/\/centroeditorial.uniminuto.edu\/wp-content\/uploads\/2023\/09\/docsInstitucionales-233x300.png 233w, https:\/\/centroeditorial.uniminuto.edu\/wp-content\/uploads\/2023\/09\/docsInstitucionales.png 618w\" sizes=\"(max-width: 233px) 100vw, 233px\" style=\"width:100%;height:128.64%;max-width:618px\" \/>\t\t\t\t\t\t\t\t<\/a>\n\t\t\t\t\t\t\t\t\t\t\t\t\t\t\t<\/div>\n\t\t\t\t<\/div>\n\t\t\t\t\t<\/div>\n\t\t<\/div>\n\t\t\t\t\t<\/div>\n\t\t<\/section>\n\t\t\t\t<\/div>\n\t\t","protected":false},"excerpt":{"rendered":"<p>El repositorio institucional es un servicio de acceso libre dise\u00f1ado para la preservaci\u00f3n y divulgaci\u00f3n de la producci\u00f3n cient\u00edfica y acad\u00e9mica de la instituci\u00f3n. All\u00ed puede encontrar art\u00edculos cient\u00edficos, libros, revistas editadas por la instituci\u00f3n, trabajos de grado, informes t\u00e9cnicos, material de apoyo acad\u00e9mico, investigativo y cultural.<\/p>\n","protected":false},"author":1,"featured_media":0,"parent":0,"menu_order":0,"comment_status":"closed","ping_status":"closed","template":"elementor_header_footer","meta":{"footnotes":""},"class_list":["post-1841","page","type-page","status-publish","hentry","entry"],"_links":{"self":[{"href":"https:\/\/centroeditorial.uniminuto.edu\/index.php\/wp-json\/wp\/v2\/pages\/1841","targetHints":{"allow":["GET"]}}],"collection":[{"href":"https:\/\/centroeditorial.uniminuto.edu\/index.php\/wp-json\/wp\/v2\/pages"}],"about":[{"href":"https:\/\/centroeditorial.uniminuto.edu\/index.php\/wp-json\/wp\/v2\/types\/page"}],"author":[{"embeddable":true,"href":"https:\/\/centroeditorial.uniminuto.edu\/index.php\/wp-json\/wp\/v2\/users\/1"}],"replies":[{"embeddable":true,"href":"https:\/\/centroeditorial.uniminuto.edu\/index.php\/wp-json\/wp\/v2\/comments?post=1841"}],"version-history":[{"count":55,"href":"https:\/\/centroeditorial.uniminuto.edu\/index.php\/wp-json\/wp\/v2\/pages\/1841\/revisions"}],"predecessor-version":[{"id":2277,"href":"https:\/\/centroeditorial.uniminuto.edu\/index.php\/wp-json\/wp\/v2\/pages\/1841\/revisions\/2277"}],"wp:attachment":[{"href":"https:\/\/centroeditorial.uniminuto.edu\/index.php\/wp-json\/wp\/v2\/media?parent=1841"}],"curies":[{"name":"wp","href":"https:\/\/api.w.org\/{rel}","templated":true}]}}